{"id":1379,"date":"2023-05-30T11:29:18","date_gmt":"2023-05-30T11:29:18","guid":{"rendered":"https:\/\/www.gravalos-sa.com\/casos-exito\/gravesa-s-a-r-l-nasza-nowa-spolka-zalezna-w-maroku\/"},"modified":"2023-07-10T07:03:17","modified_gmt":"2023-07-10T07:03:17","slug":"gravesa-s-a-r-l-nasza-nowa-spolka-zalezna-w-maroku","status":"publish","type":"casos-exito","link":"https:\/\/www.gravalos-sa.com\/pl\/historie-sukcesow\/gravesa-s-a-r-l-nasza-nowa-spolka-zalezna-w-maroku\/","title":{"rendered":"Gravesa S.A.R.L., nasza nowa sp\u00f3\u0142ka zale\u017cna w Maroku"},"content":{"rendered":"\n<h2 class=\"wp-block-heading\">Wyzwanie<\/h2>\n\n<p>Otwarcie fabryki w Maroku, aby pom\u00f3c klientowi w jego strategii globalizacji dostawc\u00f3w, w tym w &#8222;krajach o najlepszych kosztach&#8221;.<\/p>\n<figure class=\"alignwide wp-block-post-featured-image\"><img loading=\"lazy\" decoding=\"async\" width=\"890\" height=\"551\" src=\"https:\/\/www.gravalos-sa.com\/wp-content\/uploads\/gravesa-interior-general-recorte.jpg\" class=\"attachment-post-thumbnail size-post-thumbnail wp-post-image\" alt=\"Gravesa_interior_general_recorte\" style=\"object-fit:cover;\" srcset=\"https:\/\/www.gravalos-sa.com\/wp-content\/uploads\/gravesa-interior-general-recorte.jpg 890w, https:\/\/www.gravalos-sa.com\/wp-content\/uploads\/gravesa-interior-general-recorte-300x186.jpg 300w, https:\/\/www.gravalos-sa.com\/wp-content\/uploads\/gravesa-interior-general-recorte-768x475.jpg 768w, https:\/\/www.gravalos-sa.com\/wp-content\/uploads\/gravesa-interior-general-recorte-500x310.jpg 500w, https:\/\/www.gravalos-sa.com\/wp-content\/uploads\/gravesa-interior-general-recorte-800x495.jpg 800w\" sizes=\"auto, (max-width: 890px) 100vw, 890px\" title=\"Gravesa_interior_general_recorte\" \/><\/figure>\n<div class=\"wp-block-columns is-layout-flex wp-container-core-columns-is-layout-9d6595d7 wp-block-columns-is-layout-flex\">\n<div class=\"wp-block-column is-layout-flow wp-block-column-is-layout-flow\">\n<h2 class=\"wp-block-heading\">rozwi\u0105zanie<\/h2>\n\n\n\n<p>Zach\u0119cona potrzebami niekt\u00f3rych ze swoich g\u0142\u00f3wnych klient\u00f3w, Grupa Gr\u00e1valos zdecydowa\u0142a si\u0119 podj\u0105\u0107 wyzwanie rozszerzenia swojej mi\u0119dzynarodowej obecno\u015bci poprzez utworzenie nowej sp\u00f3\u0142ki zale\u017cnej w strefie wolnoc\u0142owej w Tangerze.<br\/><br\/>W doskona\u0142ej harmonii z mi\u0119dzynarodow\u0105 strategi\u0105 grupy, GRAVESA, S.A.R.L. zosta\u0142a za\u0142o\u017cona pod koniec 2009 roku w celu zaspokojenia potrzeb produkcyjnych i lokalizacyjnych wymaganych przez rynek.<br\/><br\/>Nasz nowy projekt by\u0142 w stanie dotrzyma\u0107 wszystkich termin\u00f3w przewidzianych w jego pocz\u0105tkowym planowaniu, pomimo ogromnych trudno\u015bci spowodowanych nieoczekiwan\u0105 globaln\u0105 pandemi\u0105 COVID-19, co jest dowodem absolutnej niezawodno\u015bci, kt\u00f3ra identyfikuje nas jako mark\u0119.<\/p>\n<\/div>\n\n\n\n<div class=\"wp-block-column is-layout-flow wp-block-column-is-layout-flow\">\n<h2 class=\"wp-block-heading\">Wynik i zysk<\/h2>\n\n\n\n<p>W lutym 2.021 r. nasza nowa sp\u00f3\u0142ka zale\u017cna rozpocz\u0119\u0142a dzia\u0142alno\u015b\u0107 produkcyjn\u0105 na 100% swoich mo\u017cliwo\u015bci, spe\u0142niaj\u0105c w spos\u00f3b trwa\u0142y cele us\u0142ugowe, to znaczy jako\u015b\u0107, produktywno\u015b\u0107 i terminowo\u015b\u0107, zapewniaj\u0105c Grupie Gr\u00e1valos obecno\u015b\u0107 w jednym z g\u0142\u00f3wnych strategicznych punkt\u00f3w w \u015bwiecie industrializacji.<\/p>\n<\/div>\n<\/div>\n","protected":false},"excerpt":{"rendered":"<p>Otwarcie fabryki w Maroku, aby pom\u00f3c klientowi w jego strategii globalizacji dostawc\u00f3w, w tym w &#8222;krajach o najlepszych kosztach&#8221;. &#8230;<\/p>\n<div class=\"wp-block-buttons\">\n<div class=\"wp-block-button is-style-arrow-link\"><span class=\"wp-block-button__link\">Wiedzie\u0107 wi\u0119cej<\/span><\/div>\n<\/div>\n","protected":false},"author":2,"featured_media":1215,"menu_order":0,"comment_status":"closed","ping_status":"open","template":"","meta":{"_acf_changed":false,"inline_featured_image":false,"footnotes":""},"class_list":["post-1379","casos-exito","type-casos-exito","status-publish","has-post-thumbnail","hentry"],"acf":[],"_links":{"self":[{"href":"https:\/\/www.gravalos-sa.com\/pl\/wp-json\/wp\/v2\/casos-exito\/1379","targetHints":{"allow":["GET"]}}],"collection":[{"href":"https:\/\/www.gravalos-sa.com\/pl\/wp-json\/wp\/v2\/casos-exito"}],"about":[{"href":"https:\/\/www.gravalos-sa.com\/pl\/wp-json\/wp\/v2\/types\/casos-exito"}],"author":[{"embeddable":true,"href":"https:\/\/www.gravalos-sa.com\/pl\/wp-json\/wp\/v2\/users\/2"}],"replies":[{"embeddable":true,"href":"https:\/\/www.gravalos-sa.com\/pl\/wp-json\/wp\/v2\/comments?post=1379"}],"version-history":[{"count":2,"href":"https:\/\/www.gravalos-sa.com\/pl\/wp-json\/wp\/v2\/casos-exito\/1379\/revisions"}],"predecessor-version":[{"id":2366,"href":"https:\/\/www.gravalos-sa.com\/pl\/wp-json\/wp\/v2\/casos-exito\/1379\/revisions\/2366"}],"wp:featuredmedia":[{"embeddable":true,"href":"https:\/\/www.gravalos-sa.com\/pl\/wp-json\/wp\/v2\/media\/1215"}],"wp:attachment":[{"href":"https:\/\/www.gravalos-sa.com\/pl\/wp-json\/wp\/v2\/media?parent=1379"}],"curies":[{"name":"wp","href":"https:\/\/api.w.org\/{rel}","templated":true}]}}

Gravesa S.A.R.L., nasza nowa spółka zależna w Maroku

<h2 class="wp-block-heading">Wyzwanie</h2>

<p>Otwarcie fabryki w Maroku, aby pomóc klientowi w jego strategii globalizacji dostawców, w tym w &#8222;krajach o najlepszych kosztach&#8221;.</p>
<figure class="alignwide wp-block-post-featured-image"><img loading="lazy" decoding="async" width="890" height="551" src="https://www.gravalos-sa.com/wp-content/uploads/gravesa-interior-general-recorte.jpg" class="attachment-post-thumbnail size-post-thumbnail wp-post-image" alt="Gravesa_interior_general_recorte" style="object-fit:cover;" srcset="https://www.gravalos-sa.com/wp-content/uploads/gravesa-interior-general-recorte.jpg 890w, https://www.gravalos-sa.com/wp-content/uploads/gravesa-interior-general-recorte-300x186.jpg 300w, https://www.gravalos-sa.com/wp-content/uploads/gravesa-interior-general-recorte-768x475.jpg 768w, https://www.gravalos-sa.com/wp-content/uploads/gravesa-interior-general-recorte-500x310.jpg 500w, https://www.gravalos-sa.com/wp-content/uploads/gravesa-interior-general-recorte-800x495.jpg 800w" sizes="auto, (max-width: 890px) 100vw, 890px" title="Gravesa_interior_general_recorte" /></figure>
<div class="wp-block-columns is-layout-flex wp-container-core-columns-is-layout-9d6595d7 wp-block-columns-is-layout-flex">
<div class="wp-block-column is-layout-flow wp-block-column-is-layout-flow">
<h2 class="wp-block-heading">rozwiązanie</h2>



<p>Zachęcona potrzebami niektórych ze swoich głównych klientów, Grupa Grávalos zdecydowała się podjąć wyzwanie rozszerzenia swojej międzynarodowej obecności poprzez utworzenie nowej spółki zależnej w strefie wolnocłowej w Tangerze.<br/><br/>W doskonałej harmonii z międzynarodową strategią grupy, GRAVESA, S.A.R.L. została założona pod koniec 2009 roku w celu zaspokojenia potrzeb produkcyjnych i lokalizacyjnych wymaganych przez rynek.<br/><br/>Nasz nowy projekt był w stanie dotrzymać wszystkich terminów przewidzianych w jego początkowym planowaniu, pomimo ogromnych trudności spowodowanych nieoczekiwaną globalną pandemią COVID-19, co jest dowodem absolutnej niezawodności, która identyfikuje nas jako markę.</p>
</div>



<div class="wp-block-column is-layout-flow wp-block-column-is-layout-flow">
<h2 class="wp-block-heading">Wynik i zysk</h2>



<p>W lutym 2.021 r. nasza nowa spółka zależna rozpoczęła działalność produkcyjną na 100% swoich możliwości, spełniając w sposób trwały cele usługowe, to znaczy jakość, produktywność i terminowość, zapewniając Grupie Grávalos obecność w jednym z głównych strategicznych punktów w świecie industrializacji.</p>
</div>
</div>

<p>Otwarcie fabryki w Maroku, aby pomóc klientowi w jego strategii globalizacji dostawców, w tym w &#8222;krajach o najlepszych kosztach&#8221;. &#8230;</p>
<div class="wp-block-buttons">
<div class="wp-block-button is-style-arrow-link"><span class="wp-block-button__link">Wiedzieć więcej</span></div>
</div>
